{"id":163,"date":"2026-04-04T19:39:53","date_gmt":"2026-04-04T19:39:53","guid":{"rendered":"https:\/\/october.azdigi.shop\/?post_type=product&#038;p=163"},"modified":"2026-04-05T05:30:54","modified_gmt":"2026-04-05T05:30:54","slug":"pink-symphony","status":"publish","type":"product","link":"https:\/\/october.azdigi.shop\/index.php\/san-pham\/pink-symphony\/","title":{"rendered":"Pink Symphony"},"content":{"rendered":"<h3 data-path-to-node=\"2\">PINK SYMPHONY: B\u1ea2N GIAO H\u01af\u1edeNG C\u1ee6A S\u1ef0 KI\u00caU SA V\u00c0 N\u1ed2NG CH\u00c1Y<\/h3>\n<p data-path-to-node=\"3\">Trong th\u1ebf gi\u1edbi ngh\u1ec7 thu\u1eadt c\u1eafm hoa, m\u00e0u h\u1ed3ng kh\u00f4ng ch\u1ec9 \u0111\u1ea1i di\u1ec7n cho s\u1ef1 d\u1ecbu d\u00e0ng m\u00e0 c\u00f2n l\u00e0 bi\u1ec3u t\u01b0\u1ee3ng c\u1ee7a ni\u1ec1m \u0111am m\u00ea m\u00e3nh li\u1ec7t. <b data-path-to-node=\"3\" data-index-in-node=\"127\">Pink Symphony<\/b> t\u1ea1i <b data-path-to-node=\"3\" data-index-in-node=\"145\">October Flower<\/b> ch\u00ednh l\u00e0 m\u1ed9t b\u1ea3n giao h\u01b0\u1edfng m\u00e0u s\u1eafc r\u1ef1c r\u1ee1, n\u01a1i nh\u1eefng cung b\u1eadc c\u1ea3m x\u00fac \u0111\u01b0\u1ee3c vi\u1ebft n\u00ean b\u1edfi s\u1eafc th\u1eafm c\u1ee7a nh\u1eefng \u0111\u00f3a h\u1ed3ng tuy\u1ec3n ch\u1ecdn. \u0110\u00e2y l\u00e0 m\u00f3n qu\u00e0 ho\u00e0n h\u1ea3o d\u00e0nh cho nh\u1eefng ai mu\u1ed1n kh\u1eb3ng \u0111\u1ecbnh m\u1ed9t t\u00ecnh y\u00eau n\u1ed3ng n\u00e0n v\u00e0 s\u1ef1 tr\u00e2n tr\u1ecdng tuy\u1ec7t \u0111\u1ed1i d\u00e0nh cho ng\u01b0\u1eddi ph\u1ee5 n\u1eef quan tr\u1ecdng c\u1ee7a m\u00ecnh.<\/p>\n<p data-path-to-node=\"4\">S\u1ee9c h\u00fat m\u00e3nh li\u1ec7t c\u1ee7a <b data-path-to-node=\"4\" data-index-in-node=\"22\">Pink Symphony<\/b> n\u1eb1m \u1edf ngh\u1ec7 thu\u1eadt ph\u1ed1i m\u00e0u t\u01b0\u01a1ng ph\u1ea3n \u0111\u1ea7y tinh t\u1ebf. T\u00e2m \u0111i\u1ec3m l\u00e0 nh\u1eefng \u0111\u00f3a h\u1ed3ng nh\u1eadp kh\u1ea9u m\u00e0u h\u1ed3ng \u0111\u1eadm (Hot Pink) \u0111\u1ea7y quy\u1ec1n l\u1ef1c, \u0111an xen c\u00f9ng nh\u1eefng nh\u00e0nh h\u1ed3ng kem nh\u00e3 nh\u1eb7n v\u00e0 hoa mao l\u01b0\u01a1ng tr\u1eafng mong manh. S\u1ef1 k\u1ebft h\u1ee3p n\u00e0y t\u1ea1o n\u00ean m\u1ed9t hi\u1ec7u \u1ee9ng th\u1ecb gi\u00e1c b\u00f9ng n\u1ed5, v\u1eeba r\u1ef1c r\u1ee1, v\u1eeba <b data-path-to-node=\"4\" data-index-in-node=\"309\">thi\u1ebft k\u1ebf tinh t\u1ebf<\/b>, gi\u1ed1ng nh\u01b0 nh\u1eefng n\u1ed1t nh\u1ea1c cao v\u00fat v\u00e0 tr\u1ea7m l\u1eafng h\u00f2a quy\u1ec7n trong m\u1ed9t b\u1ea3n nh\u1ea1c giao h\u01b0\u1edfng b\u1ea5t t\u1eadn.<\/p>\n<p data-path-to-node=\"5\">T\u1ea1i sao <b data-path-to-node=\"5\" data-index-in-node=\"8\">Pink Symphony<\/b> lu\u00f4n l\u00e0 l\u1ef1a ch\u1ecdn h\u00e0ng \u0111\u1ea7u cho nh\u1eefng d\u1ecbp \u0111\u1eb7c bi\u1ec7t?<\/p>\n<ul data-path-to-node=\"6\">\n<li>\n<p data-path-to-node=\"6,0,0\"><b data-path-to-node=\"6,0,0\" data-index-in-node=\"0\">M\u00e0u s\u1eafc \u1ea5n t\u01b0\u1ee3ng:<\/b> Tone m\u00e0u Hot Pink c\u1ef1c k\u1ef3 b\u1eaft m\u1eaft, gi\u00fap b\u00f3 hoa tr\u1edf n\u00ean n\u1ed5i b\u1eadt trong m\u1ecdi kh\u00f4ng gian t\u1eeb bu\u1ed5i ti\u1ec7c t\u1ed1i \u0111\u1ebfn nh\u1eefng bu\u1ed5i h\u1eb9n h\u00f2 l\u00e3ng m\u1ea1n.<\/p>\n<\/li>\n<li>\n<p data-path-to-node=\"6,1,0\"><b data-path-to-node=\"6,1,0\" data-index-in-node=\"0\">Hoa t\u01b0\u01a1i m\u1ed7i ng\u00e0y:<\/b> T\u1ea1i October Flower, ch\u00fang m\u00ecnh cam k\u1ebft t\u1eebng b\u00f4ng h\u1ed3ng \u0111\u1ec1u \u0111\u1ea1t \u0111\u1ed9 n\u1edf r\u1ed9 \u0111\u1eb9p nh\u1ea5t, gi\u1eef \u0111\u01b0\u1ee3c form d\u00e1ng c\u1ee9ng c\u00e1p v\u00e0 h\u01b0\u01a1ng th\u01a1m quy\u1ebfn r\u0169.<\/p>\n<\/li>\n<li>\n<p data-path-to-node=\"6,2,0\"><b data-path-to-node=\"6,2,0\" data-index-in-node=\"0\">M\u00f3n qu\u00e0 c\u1ee7a s\u1ef1 ch\u00e2n th\u00e0nh:<\/b> D\u00f9 l\u00e0 t\u1eb7ng sinh nh\u1eadt, k\u1ef7 ni\u1ec7m ng\u00e0y c\u01b0\u1edbi hay Valentine, b\u00f3 hoa n\u00e0y lu\u00f4n ho\u00e0n th\u00e0nh xu\u1ea5t s\u1eafc s\u1ee9 m\u1ec7nh truy\u1ec1n t\u1ea3i th\u00f4ng \u0111i\u1ec7p y\u00eau th\u01b0\u01a1ng.<\/p>\n<\/li>\n<\/ul>\n<p data-path-to-node=\"7\">H\u00e3y \u0111\u1ec3 <b data-path-to-node=\"7\" data-index-in-node=\"7\">Pink Symphony<\/b> thay b\u1ea1n n\u00f3i l\u00ean nh\u1eefng l\u1eddi hoa m\u1ef9 nh\u1ea5t. B\u1edfi \u0111\u00f4i khi, m\u1ed9t \u0111\u00f3a hoa r\u1ef1c r\u1ee1 c\u00f2n gi\u00e1 tr\u1ecb h\u01a1n ng\u00e0n l\u1eddi n\u00f3i su\u00f4ng.<\/p>\n<p data-path-to-node=\"8\"><b data-path-to-node=\"8\" data-index-in-node=\"0\">October Flower \u2013 N\u01a1i t\u00ecnh y\u00eau \u0111\u01b0\u1ee3c th\u0103ng hoa qua t\u1eebng s\u1eafc hoa.<\/b><\/p>\n","protected":false},"excerpt":{"rendered":"<p>PINK SYMPHONY: B\u1ea2N GIAO H\u01af\u1edeNG C\u1ee6A S\u1ef0 KI\u00caU SA V\u00c0 N\u1ed2NG CH\u00c1Y Trong th\u1ebf gi\u1edbi ngh\u1ec7 thu\u1eadt c\u1eafm hoa, m\u00e0u h\u1ed3ng kh\u00f4ng ch\u1ec9 \u0111\u1ea1i di\u1ec7n cho s\u1ef1 d\u1ecbu d\u00e0ng m\u00e0 c\u00f2n l\u00e0 bi\u1ec3u t\u01b0\u1ee3ng c\u1ee7a ni\u1ec1m \u0111am m\u00ea m\u00e3nh li\u1ec7t. Pink Symphony t\u1ea1i October Flower ch\u00ednh l\u00e0 m\u1ed9t b\u1ea3n giao h\u01b0\u1edfng m\u00e0u s\u1eafc r\u1ef1c r\u1ee1, [&#8230;]\n","protected":false},"featured_media":164,"comment_status":"open","ping_status":"closed","template":"","meta":[],"product_brand":[],"product_cat":[22],"product_tag":[],"class_list":{"0":"post-163","1":"product","2":"type-product","3":"status-publish","4":"has-post-thumbnail","6":"product_cat-hoa-bo","8":"first","9":"instock","10":"sale","11":"shipping-taxable","12":"purchasable","13":"product-type-simple"},"yoast_head":"<!-- This site is optimized with the Yoast SEO plugin v27.2 - https:\/\/yoast.com\/product\/yoast-seo-wordpress\/ -->\n<title>Pink Symphony - OCTOBER FLOWER<\/title>\n<meta name=\"robots\" content=\"index, follow, max-snippet:-1, max-image-preview:large, max-video-preview:-1\" \/>\n<link rel=\"canonical\" href=\"https:\/\/october.azdigi.shop\/index.php\/san-pham\/pink-symphony\/\" \/>\n<meta property=\"og:locale\" content=\"vi_VN\" \/>\n<meta property=\"og:type\" content=\"article\" \/>\n<meta property=\"og:title\" content=\"Pink Symphony - OCTOBER FLOWER\" \/>\n<meta property=\"og:description\" content=\"PINK SYMPHONY: B\u1ea2N GIAO H\u01af\u1edeNG C\u1ee6A S\u1ef0 KI\u00caU SA V\u00c0 N\u1ed2NG CH\u00c1Y Trong th\u1ebf gi\u1edbi ngh\u1ec7 thu\u1eadt c\u1eafm hoa, m\u00e0u h\u1ed3ng kh\u00f4ng ch\u1ec9 \u0111\u1ea1i di\u1ec7n cho s\u1ef1 d\u1ecbu d\u00e0ng m\u00e0 c\u00f2n l\u00e0 bi\u1ec3u t\u01b0\u1ee3ng c\u1ee7a ni\u1ec1m \u0111am m\u00ea m\u00e3nh li\u1ec7t. Pink Symphony t\u1ea1i October Flower ch\u00ednh l\u00e0 m\u1ed9t b\u1ea3n giao h\u01b0\u1edfng m\u00e0u s\u1eafc r\u1ef1c r\u1ee1, [...]\" \/>\n<meta property=\"og:url\" content=\"https:\/\/october.azdigi.shop\/index.php\/san-pham\/pink-symphony\/\" \/>\n<meta property=\"og:site_name\" content=\"OCTOBER FLOWER\" \/>\n<meta property=\"article:modified_time\" content=\"2026-04-05T05:30:54+00:00\" \/>\n<meta property=\"og:image\" content=\"https:\/\/october.azdigi.shop\/wp-content\/uploads\/2026\/04\/HTY3.jpg\" \/>\n\t<meta property=\"og:image:width\" content=\"735\" \/>\n\t<meta property=\"og:image:height\" content=\"952\" \/>\n\t<meta property=\"og:image:type\" content=\"image\/jpeg\" \/>\n<meta name=\"twitter:card\" content=\"summary_large_image\" \/>\n<meta name=\"twitter:label1\" content=\"\u01af\u1edbc t\u00ednh th\u1eddi gian \u0111\u1ecdc\" \/>\n\t<meta name=\"twitter:data1\" content=\"3 ph\u00fat\" \/>\n<script type=\"application\/ld+json\" class=\"yoast-schema-graph\">{\"@context\":\"https:\/\/schema.org\",\"@graph\":[{\"@type\":\"WebPage\",\"@id\":\"https:\/\/october.azdigi.shop\/index.php\/san-pham\/pink-symphony\/\",\"url\":\"https:\/\/october.azdigi.shop\/index.php\/san-pham\/pink-symphony\/\",\"name\":\"Pink Symphony - OCTOBER FLOWER\",\"isPartOf\":{\"@id\":\"https:\/\/october.azdigi.shop\/#website\"},\"primaryImageOfPage\":{\"@id\":\"https:\/\/october.azdigi.shop\/index.php\/san-pham\/pink-symphony\/#primaryimage\"},\"image\":{\"@id\":\"https:\/\/october.azdigi.shop\/index.php\/san-pham\/pink-symphony\/#primaryimage\"},\"thumbnailUrl\":\"https:\/\/october.azdigi.shop\/wp-content\/uploads\/2026\/04\/HTY3.jpg\",\"datePublished\":\"2026-04-04T19:39:53+00:00\",\"dateModified\":\"2026-04-05T05:30:54+00:00\",\"breadcrumb\":{\"@id\":\"https:\/\/october.azdigi.shop\/index.php\/san-pham\/pink-symphony\/#breadcrumb\"},\"inLanguage\":\"vi\",\"potentialAction\":[{\"@type\":\"ReadAction\",\"target\":[\"https:\/\/october.azdigi.shop\/index.php\/san-pham\/pink-symphony\/\"]}]},{\"@type\":\"ImageObject\",\"inLanguage\":\"vi\",\"@id\":\"https:\/\/october.azdigi.shop\/index.php\/san-pham\/pink-symphony\/#primaryimage\",\"url\":\"https:\/\/october.azdigi.shop\/wp-content\/uploads\/2026\/04\/HTY3.jpg\",\"contentUrl\":\"https:\/\/october.azdigi.shop\/wp-content\/uploads\/2026\/04\/HTY3.jpg\",\"width\":735,\"height\":952},{\"@type\":\"BreadcrumbList\",\"@id\":\"https:\/\/october.azdigi.shop\/index.php\/san-pham\/pink-symphony\/#breadcrumb\",\"itemListElement\":[{\"@type\":\"ListItem\",\"position\":1,\"name\":\"Trang ch\u1ee7\",\"item\":\"https:\/\/october.azdigi.shop\/\"},{\"@type\":\"ListItem\",\"position\":2,\"name\":\"C\u1eeda h\u00e0ng\",\"item\":\"https:\/\/october.azdigi.shop\/index.php\/tai-khoan\/\"},{\"@type\":\"ListItem\",\"position\":3,\"name\":\"Pink Symphony\"}]},{\"@type\":\"WebSite\",\"@id\":\"https:\/\/october.azdigi.shop\/#website\",\"url\":\"https:\/\/october.azdigi.shop\/\",\"name\":\"OCTOBER FLOWER\",\"description\":\"\",\"potentialAction\":[{\"@type\":\"SearchAction\",\"target\":{\"@type\":\"EntryPoint\",\"urlTemplate\":\"https:\/\/october.azdigi.shop\/?s={search_term_string}\"},\"query-input\":{\"@type\":\"PropertyValueSpecification\",\"valueRequired\":true,\"valueName\":\"search_term_string\"}}],\"inLanguage\":\"vi\"}]}<\/script>\n<!-- \/ Yoast SEO plugin. -->","yoast_head_json":{"title":"Pink Symphony - OCTOBER FLOWER","robots":{"index":"index","follow":"follow","max-snippet":"max-snippet:-1","max-image-preview":"max-image-preview:large","max-video-preview":"max-video-preview:-1"},"canonical":"https:\/\/october.azdigi.shop\/index.php\/san-pham\/pink-symphony\/","og_locale":"vi_VN","og_type":"article","og_title":"Pink Symphony - OCTOBER FLOWER","og_description":"PINK SYMPHONY: B\u1ea2N GIAO H\u01af\u1edeNG C\u1ee6A S\u1ef0 KI\u00caU SA V\u00c0 N\u1ed2NG CH\u00c1Y Trong th\u1ebf gi\u1edbi ngh\u1ec7 thu\u1eadt c\u1eafm hoa, m\u00e0u h\u1ed3ng kh\u00f4ng ch\u1ec9 \u0111\u1ea1i di\u1ec7n cho s\u1ef1 d\u1ecbu d\u00e0ng m\u00e0 c\u00f2n l\u00e0 bi\u1ec3u t\u01b0\u1ee3ng c\u1ee7a ni\u1ec1m \u0111am m\u00ea m\u00e3nh li\u1ec7t. Pink Symphony t\u1ea1i October Flower ch\u00ednh l\u00e0 m\u1ed9t b\u1ea3n giao h\u01b0\u1edfng m\u00e0u s\u1eafc r\u1ef1c r\u1ee1, [...]","og_url":"https:\/\/october.azdigi.shop\/index.php\/san-pham\/pink-symphony\/","og_site_name":"OCTOBER FLOWER","article_modified_time":"2026-04-05T05:30:54+00:00","og_image":[{"width":735,"height":952,"url":"https:\/\/october.azdigi.shop\/wp-content\/uploads\/2026\/04\/HTY3.jpg","type":"image\/jpeg"}],"twitter_card":"summary_large_image","twitter_misc":{"\u01af\u1edbc t\u00ednh th\u1eddi gian \u0111\u1ecdc":"3 ph\u00fat"},"schema":{"@context":"https:\/\/schema.org","@graph":[{"@type":"WebPage","@id":"https:\/\/october.azdigi.shop\/index.php\/san-pham\/pink-symphony\/","url":"https:\/\/october.azdigi.shop\/index.php\/san-pham\/pink-symphony\/","name":"Pink Symphony - OCTOBER FLOWER","isPartOf":{"@id":"https:\/\/october.azdigi.shop\/#website"},"primaryImageOfPage":{"@id":"https:\/\/october.azdigi.shop\/index.php\/san-pham\/pink-symphony\/#primaryimage"},"image":{"@id":"https:\/\/october.azdigi.shop\/index.php\/san-pham\/pink-symphony\/#primaryimage"},"thumbnailUrl":"https:\/\/october.azdigi.shop\/wp-content\/uploads\/2026\/04\/HTY3.jpg","datePublished":"2026-04-04T19:39:53+00:00","dateModified":"2026-04-05T05:30:54+00:00","breadcrumb":{"@id":"https:\/\/october.azdigi.shop\/index.php\/san-pham\/pink-symphony\/#breadcrumb"},"inLanguage":"vi","potentialAction":[{"@type":"ReadAction","target":["https:\/\/october.azdigi.shop\/index.php\/san-pham\/pink-symphony\/"]}]},{"@type":"ImageObject","inLanguage":"vi","@id":"https:\/\/october.azdigi.shop\/index.php\/san-pham\/pink-symphony\/#primaryimage","url":"https:\/\/october.azdigi.shop\/wp-content\/uploads\/2026\/04\/HTY3.jpg","contentUrl":"https:\/\/october.azdigi.shop\/wp-content\/uploads\/2026\/04\/HTY3.jpg","width":735,"height":952},{"@type":"BreadcrumbList","@id":"https:\/\/october.azdigi.shop\/index.php\/san-pham\/pink-symphony\/#breadcrumb","itemListElement":[{"@type":"ListItem","position":1,"name":"Trang ch\u1ee7","item":"https:\/\/october.azdigi.shop\/"},{"@type":"ListItem","position":2,"name":"C\u1eeda h\u00e0ng","item":"https:\/\/october.azdigi.shop\/index.php\/tai-khoan\/"},{"@type":"ListItem","position":3,"name":"Pink Symphony"}]},{"@type":"WebSite","@id":"https:\/\/october.azdigi.shop\/#website","url":"https:\/\/october.azdigi.shop\/","name":"OCTOBER FLOWER","description":"","potentialAction":[{"@type":"SearchAction","target":{"@type":"EntryPoint","urlTemplate":"https:\/\/october.azdigi.shop\/?s={search_term_string}"},"query-input":{"@type":"PropertyValueSpecification","valueRequired":true,"valueName":"search_term_string"}}],"inLanguage":"vi"}]}},"_links":{"self":[{"href":"https:\/\/october.azdigi.shop\/index.php\/wp-json\/wp\/v2\/product\/163","targetHints":{"allow":["GET"]}}],"collection":[{"href":"https:\/\/october.azdigi.shop\/index.php\/wp-json\/wp\/v2\/product"}],"about":[{"href":"https:\/\/october.azdigi.shop\/index.php\/wp-json\/wp\/v2\/types\/product"}],"replies":[{"embeddable":true,"href":"https:\/\/october.azdigi.shop\/index.php\/wp-json\/wp\/v2\/comments?post=163"}],"wp:featuredmedia":[{"embeddable":true,"href":"https:\/\/october.azdigi.shop\/index.php\/wp-json\/wp\/v2\/media\/164"}],"wp:attachment":[{"href":"https:\/\/october.azdigi.shop\/index.php\/wp-json\/wp\/v2\/media?parent=163"}],"wp:term":[{"taxonomy":"product_brand","embeddable":true,"href":"https:\/\/october.azdigi.shop\/index.php\/wp-json\/wp\/v2\/product_brand?post=163"},{"taxonomy":"product_cat","embeddable":true,"href":"https:\/\/october.azdigi.shop\/index.php\/wp-json\/wp\/v2\/product_cat?post=163"},{"taxonomy":"product_tag","embeddable":true,"href":"https:\/\/october.azdigi.shop\/index.php\/wp-json\/wp\/v2\/product_tag?post=163"}],"curies":[{"name":"wp","href":"https:\/\/api.w.org\/{rel}","templated":true}]}}