{"id":171,"date":"2026-04-04T19:51:26","date_gmt":"2026-04-04T19:51:26","guid":{"rendered":"https:\/\/october.azdigi.shop\/?post_type=product&#038;p=171"},"modified":"2026-04-10T21:08:44","modified_gmt":"2026-04-10T21:08:44","slug":"vintage-garden","status":"publish","type":"product","link":"https:\/\/october.azdigi.shop\/index.php\/san-pham\/vintage-garden\/","title":{"rendered":"Vintage Garden"},"content":{"rendered":"<h3 data-path-to-node=\"2\">VINTAGE GARDEN: KH\u00daC CA NG\u1eccT NG\u00c0O T\u1eea KHU V\u01af\u1edcN C\u1ed4 \u0110I\u1ec2N<\/h3>\n<p data-path-to-node=\"3\">Trong d\u00f2ng ch\u1ea3y h\u1ed1i h\u1ea3 c\u1ee7a cu\u1ed9c s\u1ed1ng hi\u1ec7n \u0111\u1ea1i, v\u1ebb \u0111\u1eb9p ho\u00e0i c\u1ed5 lu\u00f4n c\u00f3 m\u1ed9t s\u1ee9c h\u00fat k\u1ef3 l\u1ea1, mang l\u1ea1i c\u1ea3m gi\u00e1c b\u00ecnh y\u00ean v\u00e0 \u1ea5m \u00e1p. B\u00f3 hoa <b data-path-to-node=\"3\" data-index-in-node=\"133\">Vintage Garden<\/b> t\u1ea1i <b data-path-to-node=\"3\" data-index-in-node=\"152\">October Flower<\/b> ra \u0111\u1eddi t\u1eeb ngu\u1ed3n c\u1ea3m h\u1ee9ng \u0111\u00f3 \u2013 m\u1ed9t s\u1ef1 k\u1ebft h\u1ee3p ng\u1eabu h\u1ee9ng nh\u01b0ng \u0111\u1ea7y ngh\u1ec7 thu\u1eadt gi\u1eefa nh\u1eefng \u0111\u00f3a h\u1ed3ng ngo\u1ea1i ki\u00eau sa v\u00e0 v\u1ebb m\u1ed9c m\u1ea1c c\u1ee7a c\u1ecf c\u00e2y \u0111\u1ed3ng n\u1ed9i, t\u1ea1o n\u00ean m\u1ed9t &#8220;khu v\u01b0\u1eddn thu nh\u1ecf&#8221; ngay tr\u00ean \u0111\u00f4i tay b\u1ea1n.<\/p>\n<p data-path-to-node=\"4\">S\u1ee9c h\u00fat \u0111\u1eb7c bi\u1ec7t c\u1ee7a <b data-path-to-node=\"4\" data-index-in-node=\"21\">Vintage Garden<\/b> n\u1eb1m \u1edf ngh\u1ec7 thu\u1eadt ph\u1ed1i m\u00e0u \u0111a t\u1ea7ng theo phong c\u00e1ch c\u1ed5 \u0111i\u1ec3n ch\u00e2u \u00c2u. T\u00e2m \u0111i\u1ec3m c\u1ee7a b\u00f3 hoa l\u00e0 nh\u1eefng \u0111\u00f3a h\u1ed3ng Juliet cam c\u00e1 h\u1ed3i v\u00e0 h\u1ed3ng ph\u1ea5n v\u1edbi l\u1edbp c\u00e1nh x\u1ebfp n\u1ebfp c\u1ea7u k\u1ef3, \u0111an xen c\u00f9ng s\u1eafc \u0111\u1ecf r\u1ef1c r\u1ee1 c\u1ee7a nh\u1eefng n\u1ee5 t\u1ea7m xu\u00e2n nh\u1ecf x\u00edu. S\u1ef1 xu\u1ea5t hi\u1ec7n c\u1ee7a c\u00fac Tana tr\u1eafng nh\u1ee5y v\u00e0ng v\u00e0 hoa Tweedia xanh nh\u1ea1t t\u1ea1o n\u00ean nh\u1eefng \u0111i\u1ec3m nh\u1ea5n tinh kh\u00f4i, khi\u1ebfn t\u1ed5ng th\u1ec3 b\u00f3 hoa tr\u1edf n\u00ean s\u1ed1ng \u0111\u1ed9ng v\u00e0 c\u00f3 chi\u1ec1u s\u00e2u. T\u1ea5t c\u1ea3 \u0111\u01b0\u1ee3c bao b\u1ecdc trong l\u1edbp gi\u1ea5y g\u00f3i Kraft m\u00e0u kem s\u1ea7n m\u1ed9c m\u1ea1c, gi\u00fap <b data-path-to-node=\"4\" data-index-in-node=\"489\">thi\u1ebft k\u1ebf tinh t\u1ebf<\/b> n\u00e0y to\u00e1t l\u00ean v\u1ebb sang tr\u1ecdng, l\u1ecbch thi\u1ec7p.<\/p>\n<p data-path-to-node=\"5\">T\u1ea1i sao m\u1eabu hoa <b data-path-to-node=\"5\" data-index-in-node=\"16\">Vintage Garden<\/b> lu\u00f4n chi\u1ebfm tr\u1ecdn tr\u00e1i tim kh\u00e1ch h\u00e0ng t\u1ea1i October Flower?<\/p>\n<ul data-path-to-node=\"6\">\n<li>\n<p data-path-to-node=\"6,0,0\"><b data-path-to-node=\"6,0,0\" data-index-in-node=\"0\">Phong c\u00e1ch \u0111\u1ed9c b\u1ea3n:<\/b> M\u1ed7i b\u00f3 hoa \u0111\u1ec1u \u0111\u01b0\u1ee3c ngh\u1ec7 nh\u00e2n ch\u0103m ch\u00fat t\u1ec9 m\u1ec9, \u0111\u1ea3m b\u1ea3o gi\u1eef \u0111\u01b0\u1ee3c n\u00e9t t\u1ef1 nhi\u00ean, ph\u00f3ng kho\u00e1ng v\u00e0 kh\u00f4ng bao gi\u1edd l\u1ed7i m\u1ed1t.<\/p>\n<\/li>\n<li>\n<p data-path-to-node=\"6,1,0\"><b data-path-to-node=\"6,1,0\" data-index-in-node=\"0\">Hoa t\u01b0\u01a1i m\u1ed7i ng\u00e0y:<\/b> Ch\u00fang m\u00ecnh cam k\u1ebft s\u1eed d\u1ee5ng nh\u1eefng c\u00e0nh hoa t\u01b0\u01a1i m\u1edbi nh\u1ea5t, gi\u00fap m\u00e0u s\u1eafc lu\u00f4n r\u1ea1ng r\u1ee1 v\u00e0 gi\u1eef \u0111\u01b0\u1ee3c \u0111\u1ed9 b\u1ec1n l\u00e2u trong su\u1ed1t th\u1eddi gian tr\u01b0ng b\u00e0y.<\/p>\n<\/li>\n<li>\n<p data-path-to-node=\"6,2,0\"><b data-path-to-node=\"6,2,0\" data-index-in-node=\"0\">M\u00f3n qu\u00e0 c\u1ee7a s\u1ef1 ch\u00e2n th\u00e0nh:<\/b> V\u1edbi n\u00e9t \u0111\u1eb9p nh\u1eb9 nh\u00e0ng v\u00e0 \u0111\u1ea7y ho\u00e0i ni\u1ec7m, \u0111\u00e2y l\u00e0 l\u1ef1a ch\u1ecdn tuy\u1ec7t v\u1eddi \u0111\u1ec3 t\u1eb7ng sinh nh\u1eadt, k\u1ef7 ni\u1ec7m ng\u00e0y y\u00eau ho\u1eb7c l\u00e0m qu\u00e0 t\u1eb7ng tri \u00e2n \u0111\u1ea7y tinh t\u1ebf.<\/p>\n<\/li>\n<\/ul>\n<p data-path-to-node=\"7\">H\u00e3y \u0111\u1ec3 <b data-path-to-node=\"7\" data-index-in-node=\"7\">Vintage Garden<\/b> thay b\u1ea1n k\u1ec3 ti\u1ebfp nh\u1eefng c\u00e2u chuy\u1ec7n t\u00ecnh y\u00eau l\u00e3ng m\u1ea1n v\u00e0 ghi d\u1ea5u nh\u1eefng kho\u1ea3nh kh\u1eafc h\u1ea1nh ph\u00fac kh\u00f4ng th\u1ec3 n\u00e0o qu\u00ean.<\/p>\n<p data-path-to-node=\"8\"><b data-path-to-node=\"8\" data-index-in-node=\"0\">October Flower \u2013 N\u01a1i v\u1ebb \u0111\u1eb9p c\u1ed5 \u0111i\u1ec3n \u0111\u01b0\u1ee3c h\u1ed3i sinh qua t\u1eebng s\u1eafc hoa.<\/b><\/p>\n","protected":false},"excerpt":{"rendered":"<p>VINTAGE GARDEN: KH\u00daC CA NG\u1eccT NG\u00c0O T\u1eea KHU V\u01af\u1edcN C\u1ed4 \u0110I\u1ec2N Trong d\u00f2ng ch\u1ea3y h\u1ed1i h\u1ea3 c\u1ee7a cu\u1ed9c s\u1ed1ng hi\u1ec7n \u0111\u1ea1i, v\u1ebb \u0111\u1eb9p ho\u00e0i c\u1ed5 lu\u00f4n c\u00f3 m\u1ed9t s\u1ee9c h\u00fat k\u1ef3 l\u1ea1, mang l\u1ea1i c\u1ea3m gi\u00e1c b\u00ecnh y\u00ean v\u00e0 \u1ea5m \u00e1p. B\u00f3 hoa Vintage Garden t\u1ea1i October Flower ra \u0111\u1eddi t\u1eeb ngu\u1ed3n c\u1ea3m h\u1ee9ng \u0111\u00f3 [&#8230;]\n","protected":false},"featured_media":98,"comment_status":"open","ping_status":"closed","template":"","meta":[],"product_brand":[],"product_cat":[22,19,18],"product_tag":[],"class_list":{"0":"post-171","1":"product","2":"type-product","3":"status-publish","4":"has-post-thumbnail","6":"product_cat-hoa-bo","7":"product_cat-hoa-chuc-mung","8":"product_cat-hoa-sinh-nhat","10":"first","11":"instock","12":"sale","13":"shipping-taxable","14":"purchasable","15":"product-type-simple"},"yoast_head":"<!-- This site is optimized with the Yoast SEO plugin v27.2 - https:\/\/yoast.com\/product\/yoast-seo-wordpress\/ -->\n<title>Vintage Garden - OCTOBER FLOWER<\/title>\n<meta name=\"robots\" content=\"index, follow, max-snippet:-1, max-image-preview:large, max-video-preview:-1\" \/>\n<link rel=\"canonical\" href=\"https:\/\/october.azdigi.shop\/index.php\/san-pham\/vintage-garden\/\" \/>\n<meta property=\"og:locale\" content=\"vi_VN\" \/>\n<meta property=\"og:type\" content=\"article\" \/>\n<meta property=\"og:title\" content=\"Vintage Garden - OCTOBER FLOWER\" \/>\n<meta property=\"og:description\" content=\"VINTAGE GARDEN: KH\u00daC CA NG\u1eccT NG\u00c0O T\u1eea KHU V\u01af\u1edcN C\u1ed4 \u0110I\u1ec2N Trong d\u00f2ng ch\u1ea3y h\u1ed1i h\u1ea3 c\u1ee7a cu\u1ed9c s\u1ed1ng hi\u1ec7n \u0111\u1ea1i, v\u1ebb \u0111\u1eb9p ho\u00e0i c\u1ed5 lu\u00f4n c\u00f3 m\u1ed9t s\u1ee9c h\u00fat k\u1ef3 l\u1ea1, mang l\u1ea1i c\u1ea3m gi\u00e1c b\u00ecnh y\u00ean v\u00e0 \u1ea5m \u00e1p. B\u00f3 hoa Vintage Garden t\u1ea1i October Flower ra \u0111\u1eddi t\u1eeb ngu\u1ed3n c\u1ea3m h\u1ee9ng \u0111\u00f3 [...]\" \/>\n<meta property=\"og:url\" content=\"https:\/\/october.azdigi.shop\/index.php\/san-pham\/vintage-garden\/\" \/>\n<meta property=\"og:site_name\" content=\"OCTOBER FLOWER\" \/>\n<meta property=\"article:modified_time\" content=\"2026-04-10T21:08:44+00:00\" \/>\n<meta property=\"og:image\" content=\"https:\/\/october.azdigi.shop\/wp-content\/uploads\/2026\/03\/HSNN2.jpg\" \/>\n\t<meta property=\"og:image:width\" content=\"1080\" \/>\n\t<meta property=\"og:image:height\" content=\"1440\" \/>\n\t<meta property=\"og:image:type\" content=\"image\/jpeg\" \/>\n<meta name=\"twitter:card\" content=\"summary_large_image\" \/>\n<meta name=\"twitter:label1\" content=\"\u01af\u1edbc t\u00ednh th\u1eddi gian \u0111\u1ecdc\" \/>\n\t<meta name=\"twitter:data1\" content=\"3 ph\u00fat\" \/>\n<script type=\"application\/ld+json\" class=\"yoast-schema-graph\">{\"@context\":\"https:\/\/schema.org\",\"@graph\":[{\"@type\":\"WebPage\",\"@id\":\"https:\/\/october.azdigi.shop\/index.php\/san-pham\/vintage-garden\/\",\"url\":\"https:\/\/october.azdigi.shop\/index.php\/san-pham\/vintage-garden\/\",\"name\":\"Vintage Garden - OCTOBER FLOWER\",\"isPartOf\":{\"@id\":\"https:\/\/october.azdigi.shop\/#website\"},\"primaryImageOfPage\":{\"@id\":\"https:\/\/october.azdigi.shop\/index.php\/san-pham\/vintage-garden\/#primaryimage\"},\"image\":{\"@id\":\"https:\/\/october.azdigi.shop\/index.php\/san-pham\/vintage-garden\/#primaryimage\"},\"thumbnailUrl\":\"https:\/\/october.azdigi.shop\/wp-content\/uploads\/2026\/03\/HSNN2.jpg\",\"datePublished\":\"2026-04-04T19:51:26+00:00\",\"dateModified\":\"2026-04-10T21:08:44+00:00\",\"breadcrumb\":{\"@id\":\"https:\/\/october.azdigi.shop\/index.php\/san-pham\/vintage-garden\/#breadcrumb\"},\"inLanguage\":\"vi\",\"potentialAction\":[{\"@type\":\"ReadAction\",\"target\":[\"https:\/\/october.azdigi.shop\/index.php\/san-pham\/vintage-garden\/\"]}]},{\"@type\":\"ImageObject\",\"inLanguage\":\"vi\",\"@id\":\"https:\/\/october.azdigi.shop\/index.php\/san-pham\/vintage-garden\/#primaryimage\",\"url\":\"https:\/\/october.azdigi.shop\/wp-content\/uploads\/2026\/03\/HSNN2.jpg\",\"contentUrl\":\"https:\/\/october.azdigi.shop\/wp-content\/uploads\/2026\/03\/HSNN2.jpg\",\"width\":1080,\"height\":1440},{\"@type\":\"BreadcrumbList\",\"@id\":\"https:\/\/october.azdigi.shop\/index.php\/san-pham\/vintage-garden\/#breadcrumb\",\"itemListElement\":[{\"@type\":\"ListItem\",\"position\":1,\"name\":\"Trang ch\u1ee7\",\"item\":\"https:\/\/october.azdigi.shop\/\"},{\"@type\":\"ListItem\",\"position\":2,\"name\":\"C\u1eeda h\u00e0ng\",\"item\":\"https:\/\/october.azdigi.shop\/index.php\/tai-khoan\/\"},{\"@type\":\"ListItem\",\"position\":3,\"name\":\"Vintage Garden\"}]},{\"@type\":\"WebSite\",\"@id\":\"https:\/\/october.azdigi.shop\/#website\",\"url\":\"https:\/\/october.azdigi.shop\/\",\"name\":\"OCTOBER FLOWER\",\"description\":\"\",\"potentialAction\":[{\"@type\":\"SearchAction\",\"target\":{\"@type\":\"EntryPoint\",\"urlTemplate\":\"https:\/\/october.azdigi.shop\/?s={search_term_string}\"},\"query-input\":{\"@type\":\"PropertyValueSpecification\",\"valueRequired\":true,\"valueName\":\"search_term_string\"}}],\"inLanguage\":\"vi\"}]}<\/script>\n<!-- \/ Yoast SEO plugin. -->","yoast_head_json":{"title":"Vintage Garden - OCTOBER FLOWER","robots":{"index":"index","follow":"follow","max-snippet":"max-snippet:-1","max-image-preview":"max-image-preview:large","max-video-preview":"max-video-preview:-1"},"canonical":"https:\/\/october.azdigi.shop\/index.php\/san-pham\/vintage-garden\/","og_locale":"vi_VN","og_type":"article","og_title":"Vintage Garden - OCTOBER FLOWER","og_description":"VINTAGE GARDEN: KH\u00daC CA NG\u1eccT NG\u00c0O T\u1eea KHU V\u01af\u1edcN C\u1ed4 \u0110I\u1ec2N Trong d\u00f2ng ch\u1ea3y h\u1ed1i h\u1ea3 c\u1ee7a cu\u1ed9c s\u1ed1ng hi\u1ec7n \u0111\u1ea1i, v\u1ebb \u0111\u1eb9p ho\u00e0i c\u1ed5 lu\u00f4n c\u00f3 m\u1ed9t s\u1ee9c h\u00fat k\u1ef3 l\u1ea1, mang l\u1ea1i c\u1ea3m gi\u00e1c b\u00ecnh y\u00ean v\u00e0 \u1ea5m \u00e1p. B\u00f3 hoa Vintage Garden t\u1ea1i October Flower ra \u0111\u1eddi t\u1eeb ngu\u1ed3n c\u1ea3m h\u1ee9ng \u0111\u00f3 [...]","og_url":"https:\/\/october.azdigi.shop\/index.php\/san-pham\/vintage-garden\/","og_site_name":"OCTOBER FLOWER","article_modified_time":"2026-04-10T21:08:44+00:00","og_image":[{"width":1080,"height":1440,"url":"https:\/\/october.azdigi.shop\/wp-content\/uploads\/2026\/03\/HSNN2.jpg","type":"image\/jpeg"}],"twitter_card":"summary_large_image","twitter_misc":{"\u01af\u1edbc t\u00ednh th\u1eddi gian \u0111\u1ecdc":"3 ph\u00fat"},"schema":{"@context":"https:\/\/schema.org","@graph":[{"@type":"WebPage","@id":"https:\/\/october.azdigi.shop\/index.php\/san-pham\/vintage-garden\/","url":"https:\/\/october.azdigi.shop\/index.php\/san-pham\/vintage-garden\/","name":"Vintage Garden - OCTOBER FLOWER","isPartOf":{"@id":"https:\/\/october.azdigi.shop\/#website"},"primaryImageOfPage":{"@id":"https:\/\/october.azdigi.shop\/index.php\/san-pham\/vintage-garden\/#primaryimage"},"image":{"@id":"https:\/\/october.azdigi.shop\/index.php\/san-pham\/vintage-garden\/#primaryimage"},"thumbnailUrl":"https:\/\/october.azdigi.shop\/wp-content\/uploads\/2026\/03\/HSNN2.jpg","datePublished":"2026-04-04T19:51:26+00:00","dateModified":"2026-04-10T21:08:44+00:00","breadcrumb":{"@id":"https:\/\/october.azdigi.shop\/index.php\/san-pham\/vintage-garden\/#breadcrumb"},"inLanguage":"vi","potentialAction":[{"@type":"ReadAction","target":["https:\/\/october.azdigi.shop\/index.php\/san-pham\/vintage-garden\/"]}]},{"@type":"ImageObject","inLanguage":"vi","@id":"https:\/\/october.azdigi.shop\/index.php\/san-pham\/vintage-garden\/#primaryimage","url":"https:\/\/october.azdigi.shop\/wp-content\/uploads\/2026\/03\/HSNN2.jpg","contentUrl":"https:\/\/october.azdigi.shop\/wp-content\/uploads\/2026\/03\/HSNN2.jpg","width":1080,"height":1440},{"@type":"BreadcrumbList","@id":"https:\/\/october.azdigi.shop\/index.php\/san-pham\/vintage-garden\/#breadcrumb","itemListElement":[{"@type":"ListItem","position":1,"name":"Trang ch\u1ee7","item":"https:\/\/october.azdigi.shop\/"},{"@type":"ListItem","position":2,"name":"C\u1eeda h\u00e0ng","item":"https:\/\/october.azdigi.shop\/index.php\/tai-khoan\/"},{"@type":"ListItem","position":3,"name":"Vintage Garden"}]},{"@type":"WebSite","@id":"https:\/\/october.azdigi.shop\/#website","url":"https:\/\/october.azdigi.shop\/","name":"OCTOBER FLOWER","description":"","potentialAction":[{"@type":"SearchAction","target":{"@type":"EntryPoint","urlTemplate":"https:\/\/october.azdigi.shop\/?s={search_term_string}"},"query-input":{"@type":"PropertyValueSpecification","valueRequired":true,"valueName":"search_term_string"}}],"inLanguage":"vi"}]}},"_links":{"self":[{"href":"https:\/\/october.azdigi.shop\/index.php\/wp-json\/wp\/v2\/product\/171","targetHints":{"allow":["GET"]}}],"collection":[{"href":"https:\/\/october.azdigi.shop\/index.php\/wp-json\/wp\/v2\/product"}],"about":[{"href":"https:\/\/october.azdigi.shop\/index.php\/wp-json\/wp\/v2\/types\/product"}],"replies":[{"embeddable":true,"href":"https:\/\/october.azdigi.shop\/index.php\/wp-json\/wp\/v2\/comments?post=171"}],"wp:featuredmedia":[{"embeddable":true,"href":"https:\/\/october.azdigi.shop\/index.php\/wp-json\/wp\/v2\/media\/98"}],"wp:attachment":[{"href":"https:\/\/october.azdigi.shop\/index.php\/wp-json\/wp\/v2\/media?parent=171"}],"wp:term":[{"taxonomy":"product_brand","embeddable":true,"href":"https:\/\/october.azdigi.shop\/index.php\/wp-json\/wp\/v2\/product_brand?post=171"},{"taxonomy":"product_cat","embeddable":true,"href":"https:\/\/october.azdigi.shop\/index.php\/wp-json\/wp\/v2\/product_cat?post=171"},{"taxonomy":"product_tag","embeddable":true,"href":"https:\/\/october.azdigi.shop\/index.php\/wp-json\/wp\/v2\/product_tag?post=171"}],"curies":[{"name":"wp","href":"https:\/\/api.w.org\/{rel}","templated":true}]}}