{"id":179,"date":"2026-04-04T20:19:30","date_gmt":"2026-04-04T20:19:30","guid":{"rendered":"https:\/\/october.azdigi.shop\/?post_type=product&#038;p=179"},"modified":"2026-04-05T05:28:39","modified_gmt":"2026-04-05T05:28:39","slug":"pure-success-bouquet","status":"publish","type":"product","link":"https:\/\/october.azdigi.shop\/index.php\/san-pham\/pure-success-bouquet\/","title":{"rendered":"Pure Success Bouquet"},"content":{"rendered":"<p data-path-to-node=\"8\"><b data-path-to-node=\"8\" data-index-in-node=\"0\">PURE SUCCESS BOUQUET: L\u1edcI CH\u00daC THANH XU\u00c2N R\u1ef0C R\u1ee0<\/b><\/p>\n<p data-path-to-node=\"9\">Trong ng\u00e0y l\u1ec5 t\u1ed1t nghi\u1ec7p, b\u00ean c\u1ea1nh nh\u1eefng l\u1eddi ch\u00fac t\u1ee5ng, m\u1ed9t b\u00f3 hoa mang s\u1eafc m\u00e0u c\u1ee7a hy v\u1ecdng s\u1ebd l\u00e0 m\u00f3n qu\u00e0 v\u00f4 gi\u00e1. <b data-path-to-node=\"9\" data-index-in-node=\"114\">Pure Success Bouquet<\/b> t\u1ea1i <b data-path-to-node=\"9\" data-index-in-node=\"139\">October Flower<\/b> \u0111\u01b0\u1ee3c t\u1ea1o ra \u0111\u1ec3 t\u00f4n vinh s\u1ef1 n\u1ed7 l\u1ef1c kh\u00f4ng ng\u1eebng ngh\u1ec9 v\u00e0 m\u1edf ra m\u1ed9t ch\u01b0\u01a1ng m\u1edbi \u0111\u1ea7y h\u1ee9a h\u1eb9n cho c\u00e1c t\u00e2n c\u1eed nh\u00e2n.<\/p>\n<p data-path-to-node=\"10\">S\u1ee9c h\u00fat c\u1ee7a <b data-path-to-node=\"10\" data-index-in-node=\"12\">Pure Success Bouquet<\/b> n\u1eb1m \u1edf s\u1ef1 k\u1ebft h\u1ee3p tinh kh\u00f4i gi\u1eefa s\u1eafc tr\u1eafng c\u1ee7a hoa h\u1ed3ng, hoa c\u00e1t t\u01b0\u1eddng v\u00e0 m\u00e0u xanh t\u01b0\u01a1i m\u00e1t c\u1ee7a l\u00e1 ph\u1ee5. T\u00e2m \u0111i\u1ec3m c\u1ee7a b\u00f3 hoa l\u00e0 ch\u00fa linh v\u1eadt nh\u1ecf nh\u1eafn \u0111\u01b0\u1ee3c t\u1ea1o h\u00ecnh t\u1ec9 m\u1ec9 t\u1eeb hoa c\u00fac m\u1eabu \u0111\u01a1n, \u0111\u1ed9i chi\u1ebfc m\u0169 c\u1eed nh\u00e2n xinh x\u1eafn nh\u01b0 m\u1ed9t bi\u1ec3u t\u01b0\u1ee3ng c\u1ee7a tr\u00ed tu\u1ec7. To\u00e0n b\u1ed9 ph\u1ea7n hoa \u0111\u01b0\u1ee3c \u00f4m tr\u1ecdn b\u1edfi l\u1edbp gi\u1ea5y g\u00f3i tr\u1eafng v\u00e2n t\u1ed5 ong, th\u1eaft n\u01a1 xanh \u0111\u1ed3ng \u0111i\u1ec7u, t\u1ea1o n\u00ean m\u1ed9t <b data-path-to-node=\"10\" data-index-in-node=\"384\">thi\u1ebft k\u1ebf tinh t\u1ebf<\/b>, mang \u0111\u1eadm h\u01a1i th\u1edf thanh xu\u00e2n.<\/p>\n<p data-path-to-node=\"11\">T\u1ea1i sao n\u00ean ch\u1ecdn <b data-path-to-node=\"11\" data-index-in-node=\"17\">Pure Success Bouquet<\/b> t\u1ea1i October Flower?<\/p>\n<ul data-path-to-node=\"12\">\n<li>\n<p data-path-to-node=\"12,0,0\"><b data-path-to-node=\"12,0,0\" data-index-in-node=\"0\">Thi\u1ebft k\u1ebf tinh t\u1ebf v\u00e0 \u0111\u1ed9c b\u1ea3n:<\/b> M\u1ed7i linh v\u1eadt \u0111\u1ec1u \u0111\u01b0\u1ee3c ngh\u1ec7 nh\u00e2n t\u1ea1o h\u00ecnh th\u1ee7 c\u00f4ng, mang n\u00e9t \u0111\u00e1ng y\u00eau ri\u00eang bi\u1ec7t kh\u00f4ng l\u1eabn v\u00e0o \u0111\u00e2u \u0111\u01b0\u1ee3c.<\/p>\n<\/li>\n<li>\n<p data-path-to-node=\"12,1,0\"><b data-path-to-node=\"12,1,0\" data-index-in-node=\"0\">Hoa t\u01b0\u01a1i m\u1ed7i ng\u00e0y:<\/b> Ch\u00fang m\u00ecnh lu\u00f4n \u01b0u ti\u00ean nh\u1eefng \u0111\u00f3a hoa t\u01b0\u01a1i m\u1edbi nh\u1ea5t \u0111\u1ec3 \u0111\u1ea3m b\u1ea3o b\u00f3 hoa gi\u1eef \u0111\u01b0\u1ee3c v\u1ebb r\u1ea1ng r\u1ee1 su\u1ed1t c\u1ea3 ng\u00e0y d\u00e0i l\u00e0m l\u1ec5 v\u00e0 ch\u1ee5p h\u00ecnh.<\/p>\n<\/li>\n<li>\n<p data-path-to-node=\"12,2,0\"><b data-path-to-node=\"12,2,0\" data-index-in-node=\"0\">Gam m\u00e0u hi\u1ec7n \u0111\u1ea1i:<\/b> S\u1eafc tr\u1eafng &#8211; xanh kh\u00f4ng ch\u1ec9 sang tr\u1ecdng m\u00e0 c\u00f2n c\u1ef1c k\u1ef3 n\u1ed5i b\u1eadt khi k\u1ebft h\u1ee3p c\u00f9ng \u00e1o c\u1eed nh\u00e2n, gi\u00fap b\u1ea1n c\u00f3 nh\u1eefng b\u1ee9c \u1ea3nh k\u1ef7 ni\u1ec7m tuy\u1ec7t \u0111\u1eb9p.<\/p>\n<\/li>\n<\/ul>\n","protected":false},"excerpt":{"rendered":"<p>PURE SUCCESS BOUQUET: L\u1edcI CH\u00daC THANH XU\u00c2N R\u1ef0C R\u1ee0 Trong ng\u00e0y l\u1ec5 t\u1ed1t nghi\u1ec7p, b\u00ean c\u1ea1nh nh\u1eefng l\u1eddi ch\u00fac t\u1ee5ng, m\u1ed9t b\u00f3 hoa mang s\u1eafc m\u00e0u c\u1ee7a hy v\u1ecdng s\u1ebd l\u00e0 m\u00f3n qu\u00e0 v\u00f4 gi\u00e1. Pure Success Bouquet t\u1ea1i October Flower \u0111\u01b0\u1ee3c t\u1ea1o ra \u0111\u1ec3 t\u00f4n vinh s\u1ef1 n\u1ed7 l\u1ef1c kh\u00f4ng ng\u1eebng ngh\u1ec9 v\u00e0 m\u1edf [&#8230;]\n","protected":false},"featured_media":48,"comment_status":"open","ping_status":"closed","template":"","meta":[],"product_brand":[],"product_cat":[17],"product_tag":[],"class_list":{"0":"post-179","1":"product","2":"type-product","3":"status-publish","4":"has-post-thumbnail","6":"product_cat-hoa-tot-nghiep","8":"first","9":"instock","10":"sale","11":"shipping-taxable","12":"purchasable","13":"product-type-simple"},"yoast_head":"<!-- This site is optimized with the Yoast SEO plugin v27.2 - https:\/\/yoast.com\/product\/yoast-seo-wordpress\/ -->\n<title>Pure Success Bouquet - OCTOBER FLOWER<\/title>\n<meta name=\"robots\" content=\"index, follow, max-snippet:-1, max-image-preview:large, max-video-preview:-1\" \/>\n<link rel=\"canonical\" href=\"https:\/\/october.azdigi.shop\/index.php\/san-pham\/pure-success-bouquet\/\" \/>\n<meta property=\"og:locale\" content=\"vi_VN\" \/>\n<meta property=\"og:type\" content=\"article\" \/>\n<meta property=\"og:title\" content=\"Pure Success Bouquet - OCTOBER FLOWER\" \/>\n<meta property=\"og:description\" content=\"PURE SUCCESS BOUQUET: L\u1edcI CH\u00daC THANH XU\u00c2N R\u1ef0C R\u1ee0 Trong ng\u00e0y l\u1ec5 t\u1ed1t nghi\u1ec7p, b\u00ean c\u1ea1nh nh\u1eefng l\u1eddi ch\u00fac t\u1ee5ng, m\u1ed9t b\u00f3 hoa mang s\u1eafc m\u00e0u c\u1ee7a hy v\u1ecdng s\u1ebd l\u00e0 m\u00f3n qu\u00e0 v\u00f4 gi\u00e1. Pure Success Bouquet t\u1ea1i October Flower \u0111\u01b0\u1ee3c t\u1ea1o ra \u0111\u1ec3 t\u00f4n vinh s\u1ef1 n\u1ed7 l\u1ef1c kh\u00f4ng ng\u1eebng ngh\u1ec9 v\u00e0 m\u1edf [...]\" \/>\n<meta property=\"og:url\" content=\"https:\/\/october.azdigi.shop\/index.php\/san-pham\/pure-success-bouquet\/\" \/>\n<meta property=\"og:site_name\" content=\"OCTOBER FLOWER\" \/>\n<meta property=\"article:modified_time\" content=\"2026-04-05T05:28:39+00:00\" \/>\n<meta property=\"og:image\" content=\"https:\/\/october.azdigi.shop\/wp-content\/uploads\/2026\/03\/htn2.jpg\" \/>\n\t<meta property=\"og:image:width\" content=\"736\" \/>\n\t<meta property=\"og:image:height\" content=\"920\" \/>\n\t<meta property=\"og:image:type\" content=\"image\/jpeg\" \/>\n<meta name=\"twitter:card\" content=\"summary_large_image\" \/>\n<meta name=\"twitter:label1\" content=\"\u01af\u1edbc t\u00ednh th\u1eddi gian \u0111\u1ecdc\" \/>\n\t<meta name=\"twitter:data1\" content=\"2 ph\u00fat\" \/>\n<script type=\"application\/ld+json\" class=\"yoast-schema-graph\">{\"@context\":\"https:\/\/schema.org\",\"@graph\":[{\"@type\":\"WebPage\",\"@id\":\"https:\/\/october.azdigi.shop\/index.php\/san-pham\/pure-success-bouquet\/\",\"url\":\"https:\/\/october.azdigi.shop\/index.php\/san-pham\/pure-success-bouquet\/\",\"name\":\"Pure Success Bouquet - OCTOBER FLOWER\",\"isPartOf\":{\"@id\":\"https:\/\/october.azdigi.shop\/#website\"},\"primaryImageOfPage\":{\"@id\":\"https:\/\/october.azdigi.shop\/index.php\/san-pham\/pure-success-bouquet\/#primaryimage\"},\"image\":{\"@id\":\"https:\/\/october.azdigi.shop\/index.php\/san-pham\/pure-success-bouquet\/#primaryimage\"},\"thumbnailUrl\":\"https:\/\/october.azdigi.shop\/wp-content\/uploads\/2026\/03\/htn2.jpg\",\"datePublished\":\"2026-04-04T20:19:30+00:00\",\"dateModified\":\"2026-04-05T05:28:39+00:00\",\"breadcrumb\":{\"@id\":\"https:\/\/october.azdigi.shop\/index.php\/san-pham\/pure-success-bouquet\/#breadcrumb\"},\"inLanguage\":\"vi\",\"potentialAction\":[{\"@type\":\"ReadAction\",\"target\":[\"https:\/\/october.azdigi.shop\/index.php\/san-pham\/pure-success-bouquet\/\"]}]},{\"@type\":\"ImageObject\",\"inLanguage\":\"vi\",\"@id\":\"https:\/\/october.azdigi.shop\/index.php\/san-pham\/pure-success-bouquet\/#primaryimage\",\"url\":\"https:\/\/october.azdigi.shop\/wp-content\/uploads\/2026\/03\/htn2.jpg\",\"contentUrl\":\"https:\/\/october.azdigi.shop\/wp-content\/uploads\/2026\/03\/htn2.jpg\",\"width\":736,\"height\":920},{\"@type\":\"BreadcrumbList\",\"@id\":\"https:\/\/october.azdigi.shop\/index.php\/san-pham\/pure-success-bouquet\/#breadcrumb\",\"itemListElement\":[{\"@type\":\"ListItem\",\"position\":1,\"name\":\"Trang ch\u1ee7\",\"item\":\"https:\/\/october.azdigi.shop\/\"},{\"@type\":\"ListItem\",\"position\":2,\"name\":\"C\u1eeda h\u00e0ng\",\"item\":\"https:\/\/october.azdigi.shop\/index.php\/tai-khoan\/\"},{\"@type\":\"ListItem\",\"position\":3,\"name\":\"Pure Success Bouquet\"}]},{\"@type\":\"WebSite\",\"@id\":\"https:\/\/october.azdigi.shop\/#website\",\"url\":\"https:\/\/october.azdigi.shop\/\",\"name\":\"OCTOBER FLOWER\",\"description\":\"\",\"potentialAction\":[{\"@type\":\"SearchAction\",\"target\":{\"@type\":\"EntryPoint\",\"urlTemplate\":\"https:\/\/october.azdigi.shop\/?s={search_term_string}\"},\"query-input\":{\"@type\":\"PropertyValueSpecification\",\"valueRequired\":true,\"valueName\":\"search_term_string\"}}],\"inLanguage\":\"vi\"}]}<\/script>\n<!-- \/ Yoast SEO plugin. -->","yoast_head_json":{"title":"Pure Success Bouquet - OCTOBER FLOWER","robots":{"index":"index","follow":"follow","max-snippet":"max-snippet:-1","max-image-preview":"max-image-preview:large","max-video-preview":"max-video-preview:-1"},"canonical":"https:\/\/october.azdigi.shop\/index.php\/san-pham\/pure-success-bouquet\/","og_locale":"vi_VN","og_type":"article","og_title":"Pure Success Bouquet - OCTOBER FLOWER","og_description":"PURE SUCCESS BOUQUET: L\u1edcI CH\u00daC THANH XU\u00c2N R\u1ef0C R\u1ee0 Trong ng\u00e0y l\u1ec5 t\u1ed1t nghi\u1ec7p, b\u00ean c\u1ea1nh nh\u1eefng l\u1eddi ch\u00fac t\u1ee5ng, m\u1ed9t b\u00f3 hoa mang s\u1eafc m\u00e0u c\u1ee7a hy v\u1ecdng s\u1ebd l\u00e0 m\u00f3n qu\u00e0 v\u00f4 gi\u00e1. Pure Success Bouquet t\u1ea1i October Flower \u0111\u01b0\u1ee3c t\u1ea1o ra \u0111\u1ec3 t\u00f4n vinh s\u1ef1 n\u1ed7 l\u1ef1c kh\u00f4ng ng\u1eebng ngh\u1ec9 v\u00e0 m\u1edf [...]","og_url":"https:\/\/october.azdigi.shop\/index.php\/san-pham\/pure-success-bouquet\/","og_site_name":"OCTOBER FLOWER","article_modified_time":"2026-04-05T05:28:39+00:00","og_image":[{"width":736,"height":920,"url":"https:\/\/october.azdigi.shop\/wp-content\/uploads\/2026\/03\/htn2.jpg","type":"image\/jpeg"}],"twitter_card":"summary_large_image","twitter_misc":{"\u01af\u1edbc t\u00ednh th\u1eddi gian \u0111\u1ecdc":"2 ph\u00fat"},"schema":{"@context":"https:\/\/schema.org","@graph":[{"@type":"WebPage","@id":"https:\/\/october.azdigi.shop\/index.php\/san-pham\/pure-success-bouquet\/","url":"https:\/\/october.azdigi.shop\/index.php\/san-pham\/pure-success-bouquet\/","name":"Pure Success Bouquet - OCTOBER FLOWER","isPartOf":{"@id":"https:\/\/october.azdigi.shop\/#website"},"primaryImageOfPage":{"@id":"https:\/\/october.azdigi.shop\/index.php\/san-pham\/pure-success-bouquet\/#primaryimage"},"image":{"@id":"https:\/\/october.azdigi.shop\/index.php\/san-pham\/pure-success-bouquet\/#primaryimage"},"thumbnailUrl":"https:\/\/october.azdigi.shop\/wp-content\/uploads\/2026\/03\/htn2.jpg","datePublished":"2026-04-04T20:19:30+00:00","dateModified":"2026-04-05T05:28:39+00:00","breadcrumb":{"@id":"https:\/\/october.azdigi.shop\/index.php\/san-pham\/pure-success-bouquet\/#breadcrumb"},"inLanguage":"vi","potentialAction":[{"@type":"ReadAction","target":["https:\/\/october.azdigi.shop\/index.php\/san-pham\/pure-success-bouquet\/"]}]},{"@type":"ImageObject","inLanguage":"vi","@id":"https:\/\/october.azdigi.shop\/index.php\/san-pham\/pure-success-bouquet\/#primaryimage","url":"https:\/\/october.azdigi.shop\/wp-content\/uploads\/2026\/03\/htn2.jpg","contentUrl":"https:\/\/october.azdigi.shop\/wp-content\/uploads\/2026\/03\/htn2.jpg","width":736,"height":920},{"@type":"BreadcrumbList","@id":"https:\/\/october.azdigi.shop\/index.php\/san-pham\/pure-success-bouquet\/#breadcrumb","itemListElement":[{"@type":"ListItem","position":1,"name":"Trang ch\u1ee7","item":"https:\/\/october.azdigi.shop\/"},{"@type":"ListItem","position":2,"name":"C\u1eeda h\u00e0ng","item":"https:\/\/october.azdigi.shop\/index.php\/tai-khoan\/"},{"@type":"ListItem","position":3,"name":"Pure Success Bouquet"}]},{"@type":"WebSite","@id":"https:\/\/october.azdigi.shop\/#website","url":"https:\/\/october.azdigi.shop\/","name":"OCTOBER FLOWER","description":"","potentialAction":[{"@type":"SearchAction","target":{"@type":"EntryPoint","urlTemplate":"https:\/\/october.azdigi.shop\/?s={search_term_string}"},"query-input":{"@type":"PropertyValueSpecification","valueRequired":true,"valueName":"search_term_string"}}],"inLanguage":"vi"}]}},"_links":{"self":[{"href":"https:\/\/october.azdigi.shop\/index.php\/wp-json\/wp\/v2\/product\/179","targetHints":{"allow":["GET"]}}],"collection":[{"href":"https:\/\/october.azdigi.shop\/index.php\/wp-json\/wp\/v2\/product"}],"about":[{"href":"https:\/\/october.azdigi.shop\/index.php\/wp-json\/wp\/v2\/types\/product"}],"replies":[{"embeddable":true,"href":"https:\/\/october.azdigi.shop\/index.php\/wp-json\/wp\/v2\/comments?post=179"}],"wp:featuredmedia":[{"embeddable":true,"href":"https:\/\/october.azdigi.shop\/index.php\/wp-json\/wp\/v2\/media\/48"}],"wp:attachment":[{"href":"https:\/\/october.azdigi.shop\/index.php\/wp-json\/wp\/v2\/media?parent=179"}],"wp:term":[{"taxonomy":"product_brand","embeddable":true,"href":"https:\/\/october.azdigi.shop\/index.php\/wp-json\/wp\/v2\/product_brand?post=179"},{"taxonomy":"product_cat","embeddable":true,"href":"https:\/\/october.azdigi.shop\/index.php\/wp-json\/wp\/v2\/product_cat?post=179"},{"taxonomy":"product_tag","embeddable":true,"href":"https:\/\/october.azdigi.shop\/index.php\/wp-json\/wp\/v2\/product_tag?post=179"}],"curies":[{"name":"wp","href":"https:\/\/api.w.org\/{rel}","templated":true}]}}